256 a multiple of 4?
True
Is 845 a multiple of 39?
False
Is 64 a factor of 1924?
False
Is 76955 a multiple of 207?
False
Is 24 a factor of 1752?
True
Does 3 divide 6318?
True
Does 34 divide 4279?
False
Is 66 a factor of 41454?
False
Is 13 a factor of 259?
False
Is 3 a factor of 1716?
True
Is 27 a factor of 162?
True
Is 22416 a multiple of 8?
True
Is 26 a factor of 3427?
False
Is 18 a factor of 396?
True
Is 84260 a multiple of 10?
True
Is 9 a factor of 7767?
True
Does 24 divide 2418?
False
Does 8 divide 4615?
False
Does 4 divide 558?
False
Is 9 a factor of 8018?
False
Is 7400 a multiple of 19?
False
Is 9 a factor of 3375?
True
Is 90 a factor of 2340?
True
Is 34 a factor of 1704?
False
Is 36 a factor of 11736?
True
Is 7719 a multiple of 9?
False
Is 29 a factor of 599?
False
Is 1405 a multiple of 12?
False
Does 14 divide 5446?
True
Does 28 divide 768?
False
Is 2 a factor of 776?
True
Is 64845 a multiple of 15?
True
Does 6 divide 212?
False
Is 7128 a multiple of 99?
True
Is 26 a factor of 2560?
False
Is 63 a factor of 4948?
False
Is 134537 a multiple of 13?
True
Does 16 divide 13264?
True
Does 2 divide 1291?
False
Is 11156 a multiple of 4?
True
Is 3280 a multiple of 115?
False
Is 77254 a multiple of 315?
False
Is 38 a multiple of 2?
True
Is 857 a multiple of 13?
False
Is 36 a factor of 934?
False
Is 7 a factor of 29022?
True
Is 2418 a multiple of 6?
True
Is 14 a factor of 2922?
False
Is 31 a factor of 931?
False
Does 12 divide 1480?
False
Is 2025 a multiple of 135?
True
Does 40 divide 2901?
False
Is 28 a factor of 84?
True
Does 26 divide 839?
False
Does 22 divide 440?
True
Does 13 divide 133?
False
Does 26 divide 4160?
True
Is 817 a multiple of 27?
False
Is 32 a factor of 2091?
False
Is 48 a factor of 2544?
True
Is 9361 a multiple of 19?
False
Is 27 a factor of 13661?
False
Is 2172 a multiple of 14?
False
Does 14 divide 1223?
False
Is 9 a factor of 205?
False
Does 15 divide 6060?
True
Is 104 a multiple of 26?
True
Does 153 divide 36466?
False
Is 57138 a multiple of 6?
True
Is 21 a factor of 1638?
True
Is 44 a factor of 1012?
True
Does 34 divide 4454?
True
Is 26 a factor of 315?
False
Does 163 divide 59984?
True
Is 189 a factor of 42085?
False
Is 3570 a multiple of 42?
True
Does 46 divide 75394?
True
Does 22 divide 5808?
True
Is 38 a factor of 76?
True
Is 15 a factor of 40149?
False
Does 39 divide 1268?
False
Does 17 divide 3987?
False
Is 830 a multiple of 29?
False
Does 13 divide 90555?
False
Does 3 divide 6905?
False
Is 742 a multiple of 7?
True
Is 345 a factor of 47265?
True
Does 21 divide 863?
False
Is 6 a factor of 3660?
True
Is 6 a factor of 6524?
False
Is 33 a factor of 337?
False
Is 6928 a multiple of 22?
False
Is 960 a multiple of 40?
True
Does 12 divide 6753?
False
Is 136 a multiple of 8?
True
Is 62028 a multiple of 228?
False
Does 12 divide 4356?
True
Does 23 divide 598?
True
Is 14 a factor of 209?
False
Is 27 a multiple of 9?
True
Does 24 divide 54?
False
Is 594 a multiple of 24?
False
Is 16 a factor of 65095?
False
Does 11 divide 263?
False
Is 4140 a multiple of 45?
True
Does 20 divide 331?
False
Does 123 divide 20172?
True
Is 15 a factor of 53310?
True
Is 841 a multiple of 29?
True
Is 7 a factor of 75?
False
Does 72 divide 2237?
False
Is 36 a multiple of 36?
True
Is 44 a factor of 901?
False
Is 35 a factor of 3710?
True
Is 17 a factor of 5389?
True
Is 100 a factor of 23700?
True
Is 9 a factor of 1042?
False
Is 83 a factor of 2241?
True
Does 14 divide 7640?
False
Does 11 divide 99?
True
Is 24 a factor of 13605?
False
Does 15 divide 17364?
False
Does 11 divide 9746?
True
Is 54 a factor of 822?
False
Is 340 a multiple of 5?
True
Is 2 a factor of 458?
True
Is 7905 a multiple of 155?
True
Does 26 divide 106134?
False
Does 6 divide 74?
False
Is 1621 a multiple of 76?
False
Does 14 divide 32120?
False
Is 25375 a multiple of 35?
True
Is 64 a factor of 4544?
True
Does 50 divide 14650?
True
Is 112 a factor of 2352?
True
Is 1653 a multiple of 9?
False
Is 9473 a multiple of 78?
False
Does 180 divide 37440?
True
Is 72 a factor of 11664?
True
Is 2 a factor of 2857?
False
Is 52 a factor of 2860?
True
Is 24720 a multiple of 265?
False
Is 9333 a multiple of 124?
False
Does 124 divide 7033?
False
Is 35 a factor of 1120?
True
Is 9 a factor of 1068?
False
Is 21 a factor of 504?
True
Does 12 divide 10836?
True
Does 11 divide 2112?
True
Is 41 a factor of 21390?
False
Is 20 a factor of 42952?
False
Is 3792 a multiple of 8?
True
Is 10 a factor of 3812?
False
Is 1146 a multiple of 2?
True
Is 61 a factor of 669?
False
Is 14 a factor of 5068?
True
Is 4950 a multiple of 50?
True
Is 8148 a multiple of 61?
False
Is 1728 a multiple of 64?
True
Is 12 a factor of 205?
False
Is 1016 a multiple of 15?
False
Is 2717 a multiple of 11?
True
Is 9146 a multiple of 269?
True
Is 73 a multiple of 2?
False
Is 777 a multiple of 6?
False
Is 56544 a multiple of 12?
True
Does 15 divide 71205?
True
Does 17 divide 6188?
True
Is 16 a factor of 7088?
True
Is 598 a multiple of 18?
False
Does 11 divide 5154?
False
Is 9190 a multiple of 203?
False
Is 1110 a multiple of 2?
True
Does 2 divide 88?
True
Does 17 divide 11498?
False
Is 354 a multiple of 25?
False
Is 491 a multiple of 78?
False
Does 27 divide 113?
False
Does 8 divide 2957?
False
Is 16416 a multiple of 57?
True
Is 13 a factor of 735?
False
Is 30 a factor of 2970?
True
Is 10610 a multiple of 110?
False
Does 43 divide 44626?
False
Is 52 a multiple of 13?
True
Does 7 divide 1078?
True
Does 18 divide 98424?
True
Does 90 divide 3506?
False
Is 176 a multiple of 44?
True
Is 14158 a multiple of 29?
False
Is 18 a factor of 2142?
True
Is 1403 a multiple of 210?
False
Is 88008 a multiple of 182?
False
Is 136 a factor of 9572?
False
Is 1148 a multiple of 8?
False
Does 82 divide 2761?
False
Is 27360 a multiple of 15?
True
Is 122 a factor of 47092?
True
Does 29 divide 6448?
False
Does 24 divide 16892?
False
Does 25 divide 14842?
False
Does 352 divide 14375?
False
Is 17 a factor of 9038?
False
Does 12 divide 8280?
True
Is 2832 a multiple of 59?
True
Is 2055 a multiple of 23?
False
Does 53 divide 4293?
True
Is 38130 a multiple of 123?
True
Does 50 divide 3603?
False
Does 6 divide 1746?
True
Does 22 divide 2749?
False
Is 1440 a multiple of 28?
False
Is 15 a factor of 73935?
True
Does 62 divide 5642?
True
Is 209 a multiple of 11?
True
Is 76300 a multiple of 100?
True
Does 3 divide 4813?
False
Does 2 divide 4118?
True
Is 2 a factor of 195?
False
Is 54 a factor of 1252?
False
Is 43 a factor of 473?
True
Does 24 divide 68147?
False
Does 74 divide 296?
True
Does 51 divide 2243?
False
Does 84 divide 21924?
True
Does 17 divide 10753?
False
Does 12 divide 96?
True
Is 2898 a multiple of 18?
True
Is 26 a factor of 16868?
False
Does 40 divide 1920?
True
Is 4050 a multiple of 75?
True
Does 8 divide 72?
True
Is 43 a factor of 17071?
True
Is 1704 a multiple of 4?
True
Does 116 divide 37397?
False
Is 22 a factor of 374?
True
Does 4 divide 136?
True
Is 2504 a multiple of 23?
False
Does 5 divide 344?
False
Is 10389 a multiple of 144?
False
Does 89 divide 1869?
True
Is 7 a factor of 707?
True
Is 101 a factor of 8288?
False
Is 77 a factor of 35112?
True
Is 672 a multiple of 48?
True
Is 2262 a multiple of 13?
True
Is 29 a factor of 2030?
True
Is 144 a multiple of 36?
True
Does 14 divide 21616?
True
Is 1386 a multiple of 42?
True
Is 254 even?
True
Does 10 divide 8791?
False
Is 2 a factor of 16976?
True
Is 11 a factor of 1639?
True
Is 13 a factor of 3929?
False
Is 56 a factor of 1736?
True
Is 14 a factor of 56?
True
Is 3961 a multiple of 31?
False
Does 46 divide 1709?
False
Is 46 a factor of 1196?
True
Is 2 a factor of 92?
True
Does 3 divide 125?
False
Does 26 divide 520?
True
Is 22875 a multiple of 61?
True
Is 12 a factor of 433?
False
Is 3744 a multiple of 72?
True
Is 41 a multiple of 29?
False
Does 9 divide 106?
False
Is 27949 a multiple of 12?
False
Does 6 divide 2028?
True
Is 5 a factor of 1255?
True
Does 8 divide 688?
True
Does 13 divide 949?
True
Is 29 a factor of 1329?
False
Is 17 a factor of 85?
True
Does 7 divide 112?
True
Is 104 a factor of 5219?
False
Is 50 a factor of 20850?
True
Does 6 divide 3824?
False
Is 26 a factor of 365?
False
Is 2274 a multiple of 8?
False
Does 98 divide 2156?
True
Is 94 a factor of 940?
True
Does 388 divide 20060?
False
Does